04427 prime?
True
Is 15161 a composite number?
False
Is 546937 a prime number?
True
Is 9385 prime?
False
Is 81751 a composite number?
True
Is 8637 composite?
True
Is 17783 a composite number?
False
Is 118529 a composite number?
False
Is 64301 composite?
False
Is 66457 composite?
False
Is 13303 a prime number?
False
Is 54461 prime?
False
Is 57 prime?
False
Is 3098933 a prime number?
False
Is 13781 composite?
False
Is 2837 composite?
False
Is 1523551 prime?
True
Is 8069 prime?
True
Is 171793 a composite number?
False
Is 5917 composite?
True
Is 18839 a composite number?
False
Is 11989 a composite number?
True
Is 718671 a prime number?
False
Is 19373 a composite number?
False
Is 552103 prime?
True
Is 57119 prime?
True
Is 169553 composite?
False
Is 8261 a composite number?
True
Is 6401 a composite number?
True
Is 71119 a prime number?
True
Is 10267 prime?
True
Is 75853 a prime number?
True
Is 9547 composite?
False
Is 72211 prime?
True
Is 103879 composite?
True
Is 106589 composite?
True
Is 107441 a prime number?
True
Is 371977 a composite number?
True
Is 13093 composite?
False
Is 9233 composite?
True
Is 33793 prime?
False
Is 1223 a prime number?
True
Is 889 a composite number?
True
Is 68519 a prime number?
False
Is 14207 prime?
True
Is 207989 a prime number?
False
Is 590281 composite?
True
Is 6623 composite?
True
Is 18593 prime?
True
Is 5077 a prime number?
True
Is 7273 prime?
False
Is 5663 composite?
True
Is 25061 composite?
True
Is 35821 a composite number?
True
Is 82769 composite?
True
Is 13649 a composite number?
False
Is 67741 a prime number?
True
Is 109457 a prime number?
False
Is 56423 a prime number?
False
Is 9977 a composite number?
True
Is 4391 a composite number?
False
Is 100371 a prime number?
False
Is 25433 a composite number?
True
Is 4721 composite?
False
Is 673 composite?
False
Is 4725221 composite?
False
Is 819419 a composite number?
False
Is 57839 a prime number?
True
Is 3545 a composite number?
True
Is 4727 a composite number?
True
Is 115201 a composite number?
False
Is 1267 a composite number?
True
Is 16271 composite?
True
Is 113105 composite?
True
Is 32903 a composite number?
True
Is 2161 composite?
False
Is 16033 a prime number?
True
Is 2981 composite?
True
Is 3793 prime?
True
Is 34631 a composite number?
False
Is 4201 a prime number?
True
Is 72955 prime?
False
Is 3017 a prime number?
False
Is 404249 a prime number?
True
Is 8907 a prime number?
False
Is 74351 a composite number?
True
Is 55043 a composite number?
True
Is 1217 a prime number?
True
Is 35023 prime?
True
Is 787 a prime number?
True
Is 39251 composite?
False
Is 1049981 composite?
True
Is 32117 a composite number?
False
Is 17539 prime?
True
Is 43657 composite?
True
Is 209959 a composite number?
False
Is 1159127 a prime number?
True
Is 41381 prime?
True
Is 66737 prime?
False
Is 19322 a prime number?
False
Is 649541 a composite number?
False
Is 14138 prime?
False
Is 247 a prime number?
False
Is 39703 a prime number?
True
Is 69221 composite?
False
Is 5793 composite?
True
Is 59837 prime?
False
Is 8287 composite?
False
Is 14099 prime?
False
Is 1425577 a prime number?
False
Is 17843 prime?
False
Is 118789 a composite number?
True
Is 3573695 a composite number?
True
Is 1174 a composite number?
True
Is 12401 a composite number?
False
Is 44458 composite?
True
Is 81967 a prime number?
True
Is 31303 a prime number?
False
Is 457 a prime number?
True
Is 281497 a prime number?
False
Is 26357 composite?
False
Is 94957 composite?
True
Is 13238 composite?
True
Is 1258799 a prime number?
False
Is 2063 composite?
False
Is 2503 a prime number?
True
Is 16057 prime?
True
Is 3722 prime?
False
Is 9113 a prime number?
False
Is 447841 prime?
True
Is 8483 a composite number?
True
Is 395753 a composite number?
True
Is 93523 a prime number?
True
Is 12851 a composite number?
True
Is 86627 a prime number?
True
Is 441985 composite?
True
Is 324799 prime?
True
Is 2719 a prime number?
True
Is 6563 prime?
True
Is 14239 a composite number?
True
Is 9479 composite?
False
Is 17623 composite?
False
Is 285981 composite?
True
Is 2719 composite?
False
Is 24433 a prime number?
False
Is 522811 composite?
False
Is 26963 composite?
True
Is 4529 a prime number?
False
Is 66085 composite?
True
Is 243301 prime?
True
Is 45179 prime?
True
Is 3135833 composite?
False
Is 124739 a composite number?
False
Is 1354447 a composite number?
True
Is 82549 prime?
True
Is 383329 composite?
True
Is 1070279 a prime number?
False
Is 10453 composite?
False
Is 58013 a prime number?
True
Is 75163 prime?
False
Is 1891927 prime?
True
Is 672913 composite?
False
Is 1151 composite?
False
Is 51787 prime?
True
Is 24257 composite?
True
Is 378298 a composite number?
True
Is 16183 composite?
False
Is 85373 a composite number?
True
Is 871 composite?
True
Is 460183 a composite number?
True
Is 1226 a composite number?
True
Is 52994 a prime number?
False
Is 88129 a prime number?
True
Is 27151 a prime number?
False
Is 1779991 prime?
False
Is 221127 composite?
True
Is 73961 prime?
True
Is 161717 composite?
False
Is 98963 prime?
True
Is 41371 a prime number?
False
Is 2223983 a composite number?
False
Is 1458283 a prime number?
True
Is 17707 a prime number?
True
Is 481 a prime number?
False
Is 48073 a composite number?
False
Is 35879 prime?
True
Is 64577 composite?
False
Is 1367 composite?
False
Is 7393 a composite number?
False
Is 1398659 composite?
False
Is 189127 prime?
True
Is 29599 composite?
False
Is 567499 a composite number?
False
Is 12077 a prime number?
False
Is 43567 a prime number?
False
Is 4091 a prime number?
True
Is 872401 prime?
False
Is 145577 composite?
False
Is 253109 prime?
True
Is 4847 a prime number?
False
Is 47017 prime?
True
Is 540433 composite?
False
Is 78481 a prime number?
False
Is 471583 a composite number?
True
Is 66211 a composite number?
True
Is 32317 composite?
True
Is 160807 composite?
False
Is 42937 a composite number?
False
Is 18697 prime?
False
Is 70937 prime?
True
Is 928509 a composite number?
True
Is 1176671 composite?
False
Is 12811 a composite number?
True
Is 7762 prime?
False
Is 5935 a prime number?
False
Is 16489 a composite number?
True
Is 28007 prime?
False
Is 40771 prime?
True
Is 23663 a prime number?
True
Is 138071 composite?
False
Is 5989 composite?
True
Is 6113 prime?
True
Is 14461 prime?
True
Is 1429229 prime?
False
Is 107851 composite?
True
Is 31013 composite?
False
Is 261467 composite?
False
Is 131009 composite?
False
Is 67577 composite?
False
Is 1743379 prime?
False
Is 6197 composite?
False
Is 985 prime?
False
Is 664927 composite?
True
Is 670283 composite?
True
Is 231779 prime?
True
Is 307297 a prime number?
False
Is 62119 prime?
True
Is 107437 a composite number?
True
Is 26099 a prime number?
True
Is 5639 composite?
False
Is 3271 a prime number?
True
Is 19237 prime?
True
Is 943403 prime?
True
Is 17729 prime?
True
Is 154321 composite?
False
Is 2759 composite?
True
Is 1614593 composite?
False
Is 11113 a prime number?
True
Is 32687 prime?
True
Is 4783 a prime number?
True
Is 126185 composite?
True
Is 11183 a prime number?
False
Is 32117 prime?
True
Is 7411 a prime number?
True
Is 238619 composite?
True
Is 9983 prime?
False
Is 98726 composite?
True
Is 903039 composite?
True
Is 23281 composite?
True
Is 6599 composite?
False
Is 34781 a composite number?
False
Is 9623 a prime number?
True
Is 65519 a prime number?
True
Is 30669 prime?
False
Is 2815 composite?
True
Is 4249 prime?
False
Is 2063327 composite?
True
Is 6101 prime?
True
Is 191161 composite?
False
Is 237223 a composite number?
True
Is 113 a prime number?
True
Is 10001 a prime number?
False
Is 449 prime?
True
Is 2285 a composite number?
True
Is 147607 a composite number?
False
Is 1165373 composite?
True
Is 14743 composite?
True
Is 17194 prime?
False
Is 833801 prime?
True
Is 588419 a prime number?
False
Is 23711 a prime number?
False
Is 8149 prime?
False
Is 67517 composite?
True
Is 42131 prime?
True
Is 52753 a prime number?
False
Is 5923 a composite number?
False
Is 3985 a composite number?
True
Is 6863 composite?
False
Is 3500977 composite?
True
Is 2109507 prime?
False
Is 186209 prime?
False
Is 125371 composite?
False
Is 6007 prime?
True
Is 32531 a composite number?
False
Is 58339 composite?
True
Is 2333 a prime number?
True
Is 8353 prime?
True
Is 6